5) to base 10.
-226
What is 3 (base 6) in base 7?
3
-1d (base 15) to base 12
-24
What is -205 (base 8) in base 9?
-157
What is 1 (base 13) in base 3?
1
What is -1001100 (base 2) in base 3?
-2211
What is 10 (base 2) in base 9?
2
What is 4 (base 5) in base 16?
4
-5 (base 11) to base 14
-5
What is -2 (base 7) in base 14?
-2
30 (base 14) to base 11
39
Convert -12 (base 13) to base 8.
-17
What is -63 (base 12) in base 11?
-69
What is 103 (base 12) in base 10?
147
What is 0 (base 6) in base 9?
0
What is -3 (base 11) in base 6?
-3
Convert -a (base 13) to base 2.
-1010
Convert 31 (base 9) to base 10.
28
-22 (base 9) to base 14
-16
-12002 (base 3) to base 5
-1022
What is 3 (base 12) in base 13?
3
Convert -10 (base 5) to base 12.
-5
What is -4 (base 7) in base 10?
-4
What is -3 (base 10) in base 15?
-3
10312 (base 4) to base 9
374
What is -1311 (base 4) in base 8?
-165
What is -23 (base 5) in base 6?
-21
Convert -4 (base 6) to base 5.
-4
Convert 21 (base 11) to base 6.
35
-20 (base 5) to base 3
-101
Convert 20 (base 7) to base 4.
32
What is 11 (base 2) in base 11?
3
What is -208 (base 11) in base 12?
-18a
-4 (base 8) to base 9
-4
100011 (base 2) to base 3
1022
-7 (base 8) to base 14
-7
126 (base 8) to base 14
62
What is 1 (base 10) in base 7?
1
Convert -4 (base 14) to base 4.
-10
1 (base 14) to base 5
1
What is -5 (base 7) in base 12?
-5
Convert -1a (base 11) to base 4.
-111
Convert 150 (base 8) to base 3.
10212
Convert 4 (base 8) to base 7.
4
Convert 44 (base 6) to base 5.
103
What is -145 (base 8) in base 6?
-245
Convert -100 (base 2) to base 9.
-4
-11101110 (base 2) to base 7
-460
-1 (base 9) to base 2
-1
Convert -1 (base 9) to base 15.
-1
Convert 24 (base 8) to base 12.
18
-26 (base 13) to base 2
-100000
Convert -2 (base 3) to base 4.
-2
What is 0 (base 4) in base 8?
0
What is 5 (base 12) in base 10?
5
Convert -111 (base 13) to base 12.
-133
What is -93 (base 14) in base 8?
-201
What is 0 (base 11) in base 12?
0
What is 1 (base 13) in base 2?
1
-4 (base 7) to base 3
-11
-1ba (base 16) to base 8
-672
Convert 11 (base 2) to base 7.
3
What is -7 (base 11) in base 5?
-12
Convert 12 (base 12) to base 13.
11
Convert -200 (base 8) to base 13.
-9b
Convert 6 (base 9) to base 6.
10
Convert -2 (base 9) to base 6.
-2
Convert 110100 (base 2) to base 10.
52
What is 347 (base 8) in base 13?
14a
Convert -10112 (base 3) to base 14.
-6b
What is -2113 (base 4) in base 3?
-12121
Convert 33 (base 8) to base 4.
123
What is -146 (base 8) in base 9?
-123
What is 21 (base 4) in base 10?
9
Convert 102 (base 4) to base 2.
10010
Convert -5 (base 6) to base 16.
-5
-b (base 13) to base 15
-b
Convert -29 (base 14) to base 7.
-52
Convert 1 (base 8) to base 16.
1
10 (base 11) to base 13
b
What is 1010101 (base 2) in base 9?
104
What is -43 (base 8) in base 14?
-27
What is -35 (base 6) in base 11?
-21
2 (base 7) to base 4
2
84 (base 16) to base 7
246
What is 68 (base 14) in base 6?
232
44 (base 15) to base 5
224
Convert 27 (base 15) to base 13.
2b
1a (base 15) to base 11
23
-4 (base 14) to base 5
-4
-12 (base 4) to base 13
-6
43 (base 5) to base 14
19
Convert 0 (base 4) to base 6.
0
Convert 28 (base 14) to base 8.
44
-11101010 (base 2) to base 10
-234
30 (base 6) to base 9
20
Convert -1 (base 15) to base 2.
-1
Convert 21020 (base 3) to base 15.
d0
What is 123 (base 5) in base 8?
46
What is 1 (base 4) in base 8?
1
Convert -2 (base 5) to base 11.
-2
73 (base 11) to base 3
2222
What is 8a (base 16) in base 2?
10001010
-13 (base 7) to base 10
-10
What is -1 (base 15) in base 8?
-1
Convert 13 (base 9) to base 6.
20
Convert 29 (base 16) to base 8.
51
What is -100 (base 2) in base 8?
-4
Convert 1 (base 15) to base 14.
1
4 (base 10) to base 8
4
-6 (base 13) to base 7
-6
1001111 (base 2) to base 13
61
Convert 3 (base 7) to base 14.
3
Convert -d (base 16) to base 15.
-d
What is 43 (base 16) in base 8?
103
What is 21 (base 4) in base 11?
9
-14 (base 8) to base 4
-30
Convert -13 (base 4) to base 13.
-7
Convert 21 (base 4) to base 12.
9
Convert 21 (base 6) to base 8.
15
34 (base 14) to base 7
64
-1 (base 12) to base 3
-1
Convert -15 (base 13) to base 14.
-14
What is 10 (base 4) in base 10?
4
What is 3 (base 14) in base 10?
3
What is -1 (base 14) in base 9?
-1
Convert 3 (base 11) to base 2.
11
Convert 5 (base 9) to base 13.
5
3 (base 15) to base 7
3
Convert -5 (base 13) to base 15.
-5
What is 100 (base 2) in base 16?
4
-50 (base 16) to base 5
-310
-25 (base 12) to base 4
-131
What is 1000 (base 2) in base 11?
8
What is 3b (base 14) in base 12?
45
What is 1 (base 11) in base 2?
1
What is -232 (base 4) in base 15?
-31
-3 (base 12) to base 8
-3
Convert -3f (base 16) to base 3.
-2100
What is -327 (base 8) in base 13?
-137
Convert 12 (base 6) to base 5.
13
What is 1 (base 11) in base 15?
1
What is -123 (base 4) in base 6?
-43
1 (base 4) to base 9
1
What is -11 (base 9) in base 6?
-14
Convert 1a0 (base 11) to base 16.
e7
11 (base 2) to base 3
10
-1 (base 3) to base 13
-1
Convert 6 (base 10) to base 14.
6
What is 3 (base 10) in base 16?
3
Convert -111100 (base 2) to base 9.
-66
What is 20 (base 10) in base 8?
24
36 (base 16) to base 15
39
-2 (base 5) to base 16
-2
Convert -133 (base 4) to base 3.
-1011
-b (base 14) to base 12
-b
-2 (base 10) to base 4
-2
What is -7 (base 16) in base 6?
-11
What is 2 (base 10) in base 4?
2
-37 (base 13) to base 10
-46
What is 3 (base 11) in base 2?
11
Convert -2 (base 12) to base 13.
-2
-3 (base 4) to base 16
-3
-c1 (base 16) to base 7
-364
Convert 12 (base 3) to base 9.
5
Convert 1002 (base 3) to base 5.
104
What is -2c (base 14) in base 5?
-130
What is -93 (base 12) in base 15?
-76
Convert -10 (base 3) to base 9.
-3
-111100 (base 2) to base 10
-60
Convert -22 (base 11) to base 16.
-18
Convert 2003 (base 4) to base 6.
335
What is 2 (base 16) in base 10?
2
Convert -7 (base 9) to base 16.
-7
-20 (base 6) to base 7
-15
Convert 7 (base 9) to base 8.
7
-14 (base 5) to base 7
-12
What is -243 (base 6) in base 4?
-1203
Convert 10 (base 4) to base 13.
4
Convert 3 (base 13) to base 3.
10
What is -2 (base 16) in base 10?
-2
What is -134 (base 5) in base 8?
-54
-1b5 (base 13) to base 11
-269
What is 43 (base 15) in base 12?
53
Convert -2 (base 16) to base 11.
-2
What is -12 (base 13) in base 3?
-120
What is -32 (base 7) in base 5?
-43
What is 0 (base 15) in base 10?
0
Convert -11100 (base 2) to base 14.
-20
-162 (base 11) to base 5
-1224
Convert 26 (base 7) to base 12.
18
Convert -8 (base 14) to base 7.
-11
-21 (base 11) to base 15
-18
Convert 24 (base 5) to base 6.
22
What is -110 (base 4) in base 3?
-202
-194 (base 15) to base 10
-364
-1110 (base 2) to base 13
-11
Convert -25 (base 14) to base 4.
-201
What is -a (base 11) in base 2?
-1010
Convert -153 (base 14) to base 10.
-269
What is -2 (base 9) in base 3?
-2
What is 9 (base 15) in base 13?
9
Convert 13 (base 4) to base 5.
12
What is 2 (base 9) in base 10?
2
-2 (base 10) to base 3
-2
What is 21 (base 9) in base 12?
17
100102 (base 3) to base 9
312
-1015 (base 7) to base 15
-18a
What is 157 (base 10) in base 9?
184
5 (base 12) to base 16
5
What is 8 (base 16) in base 4?
20
Convert 7 (base 14) to base 10.
7
Convert -12 (base 5) to base 13.
-7
-59 (base 16) to base 13
-6b
-113 (base 4) to base 2
-10111
What is 42 (base 5) in base 7?
31
13 (base 4) to base 5
12
What is -31 (base 5) in base 2?
-10000
Convert -1 (base 5) to base 11.
-1
2 (base 10) to base 16
2
Convert -112 (base 6) to base 16.
-2c
What is -27 (base 9) in base 4?
-121
Convert 12 (base 5) to base 15.
7
-47 (base 8) to base 10
-39
What is -7 (base 9) in base 16?
-7
Convert 127 (base 13) to base 6.
534
What is -2 (base 5) in base 4?
-2
-1000 (base 2) to base 13
-8
What is 15 (base 6) in base 13?
b
Convert -14 (base 6) to base 12.
-a
What is 31 (base 6) in base 11?
18
What is -1 (base 4) in base 14?
-1
What is -4b (base 14) in base 5?
-232
367 (base 9) to base 5
2204
-5 (base 10) to base 11
-5
Convert 3 (base 14) to base 9.
3
What is -121 (base 5) in base 2?
-100100
Convert 30 (base 10) to base 8.
36
What is 342 (base 7) in base 14?
c9
44 (base 16) to base 2
1000100
What is -22201 (base 3) in base 4?
-3223
What is 55 (base 10) in base 3?
2001
What is 4 (base 6) in base 3?
11
Convert -10 (base 10) to base 7.
-13
0 (base 3) to base 12
0
Convert -1 (base 15) to base 10